 factors of 5627?
17, 331
What are the prime factors of 6328?
2, 7, 113
List the prime factors of 54.
2, 3
What are the prime factors of 639?
3, 71
What are the prime factors of 3999?
3, 31, 43
List the prime factors of 29335.
5, 5867
List the prime factors of 19971.
3, 7, 317
List the prime factors of 1256.
2, 157
List the prime factors of 2425.
5, 97
List the prime factors of 10243.
10243
What are the prime factors of 225?
3, 5
What are the prime factors of 4272?
2, 3, 89
What are the prime factors of 7207?
7207
What are the prime factors of 1020?
2, 3, 5, 17
List the prime factors of 423.
3, 47
What are the prime factors of 56879?
23, 2473
What are the prime factors of 52708?
2, 13177
List the prime factors of 177.
3, 59
What are the prime factors of 14860?
2, 5, 743
What are the prime factors of 2040?
2, 3, 5, 17
List the prime factors of 25978.
2, 31, 419
What are the prime factors of 9848?
2, 1231
List the prime factors of 13261.
89, 149
List the prime factors of 1344.
2, 3, 7
What are the prime factors of 6735?
3, 5, 449
List the prime factors of 17002.
2, 8501
What are the prime factors of 1170?
2, 3, 5, 13
What are the prime factors of 199?
199
List the prime factors of 12486.
2, 3, 2081
What are the prime factors of 5245?
5, 1049
What are the prime factors of 719?
719
List the prime factors of 19229.
7, 41, 67
List the prime factors of 97584.
2, 3, 19, 107
What are the prime factors of 1034?
2, 11, 47
What are the prime factors of 150119?
19, 7901
What are the prime factors of 49?
7
List the prime factors of 309.
3, 103
List the prime factors of 3477.
3, 19, 61
What are the prime factors of 4952?
2, 619
List the prime factors of 50.
2, 5
What are the prime factors of 323?
17, 19
List the prime factors of 8641.
8641
What are the prime factors of 1739?
37, 47
List the prime factors of 996.
2, 3, 83
List the prime factors of 4626.
2, 3, 257
List the prime factors of 806.
2, 13, 31
What are the prime factors of 18172?
2, 7, 11, 59
What are the prime factors of 58115?
5, 59, 197
What are the prime factors of 161334?
2, 3, 8963
What are the prime factors of 12623?
13, 971
List the prime factors of 986.
2, 17, 29
What are the prime factors of 23768?
2, 2971
List the prime factors of 6345.
3, 5, 47
List the prime factors of 2202.
2, 3, 367
List the prime factors of 1431.
3, 53
What are the prime factors of 57081?
3, 53, 359
What are the prime factors of 1086?
2, 3, 181
What are the prime factors of 33340?
2, 5, 1667
What are the prime factors of 275?
5, 11
List the prime factors of 2145.
3, 5, 11, 13
List the prime factors of 483.
3, 7, 23
List the prime factors of 698.
2, 349
What are the prime factors of 1291?
1291
What are the prime factors of 1564?
2, 17, 23
List the prime factors of 12581.
23, 547
What are the prime factors of 48168?
2, 3, 223
List the prime factors of 2277.
3, 11, 23
List the prime factors of 48411.
3, 11, 163
List the prime factors of 20044.
2, 5011
What are the prime factors of 603?
3, 67
What are the prime factors of 1283?
1283
What are the prime factors of 18603?
3, 13, 53
What are the prime factors of 35009?
13, 2693
What are the prime factors of 8949?
3, 19, 157
What are the prime factors of 19548?
2, 3, 181
List the prime factors of 33249.
3, 11083
List the prime factors of 185.
5, 37
List the prime factors of 42118.
2, 21059
List the prime factors of 20758.
2, 97, 107
List the prime factors of 965.
5, 193
What are the prime factors of 812?
2, 7, 29
List the prime factors of 33643.
17, 1979
What are the prime factors of 3458?
2, 7, 13, 19
List the prime factors of 5973.
3, 11, 181
List the prime factors of 49173.
3, 37, 443
What are the prime factors of 556?
2, 139
List the prime factors of 1320.
2, 3, 5, 11
List the prime factors of 16054.
2, 23, 349
List the prime factors of 9894.
2, 3, 17, 97
List the prime factors of 1275.
3, 5, 17
What are the prime factors of 1216?
2, 19
What are the prime factors of 6001?
17, 353
List the prime factors of 703.
19, 37
What are the prime factors of 11185?
5, 2237
What are the prime factors of 14728?
2, 7, 263
List the prime factors of 703.
19, 37
What are the prime factors of 1218?
2, 3, 7, 29
What are the prime factors of 3465?
3, 5, 7, 11
What are the prime factors of 8255?
5, 13, 127
What are the prime factors of 5845?
5, 7, 167
List the prime factors of 1620.
2, 3, 5
What are the prime factors of 32543?
7, 4649
List the prime factors of 1699.
1699
List the prime factors of 11787.
3, 3929
List the prime factors of 220.
2, 5, 11
What are the prime factors of 57?
3, 19
List the prime factors of 1535.
5, 307
What are the prime factors of 4136?
2, 11, 47
What are the prime factors of 4366?
2, 37, 59
What are the prime factors of 5782?
2, 7, 59
List the prime factors of 17667.
3, 13, 151
List the prime factors of 8893.
8893
What are the prime factors of 20244?
2, 3, 7, 241
List the prime factors of 319.
11, 29
List the prime factors of 2474.
2, 1237
What are the prime factors of 5366?
2, 2683
List the prime factors of 4991.
7, 23, 31
What are the prime factors of 2757?
3, 919
What are the prime factors of 641?
641
List the prime factors of 75.
3, 5
List the prime factors of 193.
193
What are the prime factors of 7884?
2, 3, 73
List the prime factors of 10997.
7, 1571
What are the prime factors of 38045?
5, 7, 1087
What are the prime factors of 2958?
2, 3, 17, 29
What are the prime factors of 111510?
2, 3, 5, 7, 59
What are the prime factors of 11759?
11, 1069
What are the prime factors of 28532?
2, 7, 1019
What are the prime factors of 64474?
2, 32237
List the prime factors of 12440.
2, 5, 311
What are the prime factors of 943?
23, 41
What are the prime factors of 3334?
2, 1667
What are the prime factors of 20663?
20663
List the prime factors of 3193.
31, 103
What are the prime factors of 8794?
2, 4397
List the prime factors of 43969.
43969
List the prime factors of 953.
953
List the prime factors of 1388.
2, 347
List the prime factors of 640.
2, 5
What are the prime factors of 187?
11, 17
List the prime factors of 4858.
2, 7, 347
List the prime factors of 12642.
2, 3, 7, 43
What are the prime factors of 3376?
2, 211
List the prime factors of 1016.
2, 127
What are the prime factors of 18342?
2, 3, 1019
What are the prime factors of 134?
2, 67
What are the prime factors of 652?
2, 163
What are the prime factors of 31722?
2, 3, 17, 311
List the prime factors of 6392.
2, 17, 47
What are the prime factors of 10383?
3, 3461
What are the prime factors of 2607?
3, 11, 79
List the prime factors of 67550.
2, 5, 7, 193
List the prime factors of 9030.
2, 3, 5, 7, 43
List the prime factors of 4800.
2, 3, 5
List the prime factors of 871.
13, 67
What are the prime factors of 2007?
3, 223
List the prime factors of 151174.
2, 131, 577
What are the prime factors of 159?
3, 53
List the prime factors of 72868.
2, 18217
What are the prime factors of 4222?
2, 2111
What are the prime factors of 4511?
13, 347
List the prime factors of 7664.
2, 479
List the prime factors of 32255.
5, 6451
List the prime factors of 5107.
5107
List the prime factors of 390.
2, 3, 5, 13
What are the prime factors of 168?
2, 3, 7
What are the prime factors of 21678?
2, 3, 3613
List the prime factors of 42416.
2, 11, 241
List the prime factors of 80449.
80449
List the prime factors of 21272.
2, 2659
What are the prime factors of 124845?
3, 5, 7, 29, 41
What are the prime factors of 4036?
2, 1009
What are the prime factors of 13344?
2, 3, 139
What are the prime factors of 1594?
2, 797
List the prime factors of 1833.
3, 13, 47
What are the prime factors of 14160?
2, 3, 5, 59
What are the prime factors of 6453?
3, 239
List the prime factors of 676.
2, 13
What are the prime factors of 1154?
2, 577
What are the prime factors of 6937?
7, 991
What are the prime factors of 6822?
2, 3, 379
What are the prime factors of 15117?
3, 5039
What are the prime factors of 8950?
2, 5, 179
What are the prime factors of 417?
3, 139
List the prime factors of 57033.
3, 6337
What are the prime factors of 2990?
2, 5, 13, 23
List the prime factors of 926.
2, 463
What are the prime factors of 50715?
3, 5, 7, 23
What are the prime factors of 10411?
29, 359
What are the prime factors of 47916?
2, 3, 11
What are the prime factors of 1069?
1069
W